 is divided by m.
16
Let i(v) = v**3 - 71*v**2 - 134*v + 123. What is the remainder when i(73) is divided by 263?
210
Suppose -535 = -5*a + 6*q - q, -117 = -a - q. Calculate the remainder when 201 is divided by a.
89
Suppose 186*y - 2409 = 153*y. What is the remainder when 169 is divided by y?
23
Let b(d) = 3*d + 207. Suppose 3*l - c = 83, 6*l + 4*c - 110 = l. What is the remainder when b(-18) is divided by l?
23
Suppose -4*c - 3*c + 56 = 0. Let x(i) = -i + 28. Calculate the remainder when 158 is divided by x(c).
18
Let p(f) = f - 78. What is the remainder when 33 is divided by p(87)?
6
Suppose -10*m + 11924 = 12*m. Let a = m + -477. What is the remainder when 778 is divided by a?
63
Let r(i) = -i**3 - 9*i**2 - 11*i - 6. Suppose z = 36*z - 210. Suppose -4*v + 520 = z*v. Calculate the remainder when v is divided by r(-8).
16
Suppose 3*g - 2 = 70. Let n(b) = b**3 + 36*b**2 - 78*b - 9. Suppose 10*k + 8 + 372 = 0. Calculate the remainder when n(k) is divided by g.
19
Let f(o) = 3*o**3 - 57*o**2 - 45*o + 39. What is the remainder when f(20) is divided by 160?
19
Calculate the remainder when 270 is divided by 80/2 - (44 - 45).
24
Let o be (-3)/((-3)/(-4)) - -1. Let b = -1137 + 1157. Calculate the remainder when ((-2)/o)/((-2)/(-111)) is divided by b.
17
Let a = 41544 - 36882. Calculate the remainder when a is divided by 28.
14
Suppose 44 = -z + 3*z + 4*v, 5*z + 3*v - 75 = 0. Let x(a) = -a**3 + 14*a**2 + 17*a + 11. What is the remainder when 958/z + 5/30 is divided by x(15)?
39
Calculate the remainder when ((-3)/(-6))/(7/20496*6) is divided by 81.
1
Let m be (0 - -10) + -2 + (-8)/8. Suppose 129 - 332 = -m*q. What is the remainder when 0 + -2 + 1 + 114 is divided by q?
26
Let c(m) = m**3 + 13*m**2 + 2*m - 3. Suppose -104 = 5*r + 3*r. Let y be c(r). Let p = y + 39. Calculate the remainder when 26 is divided by p.
6
Let y be (22/99 - 17/9)*-3. Suppose -y*n + n - 4 = 0. Let x(w) = 51*w**2. Calculate the remainder when x(n) is divided by 27.
24
Let g(c) = 20*c - 54. Let r be g(3). Suppose -r = 10*n - 156. What is the remainder when n is divided by 10?
5
Let f(o) = o**2 - 3*o - 5. Let v be ((-1 - 3) + -6)/(1*-2). Let h be f(v). Calculate the remainder when (-83 - -2)/(h + -6) is divided by 21.
18
Suppose -29*w + 25*w = -5*t + 1626, -4*w = 3*t - 950. Calculate the remainder when t is divided by 27.
25
Suppose -10*y + 69 - 19 = 0. Suppose y*s - 715 = -95. Calculate the remainder when s is divided by 25.
24
Let i(x) = -x**2 - 12*x - 7. Let h be i(-13). What is the remainder when 103 is divided by 5/20 - ((-11895)/h)/(-13)?
11
Suppose -17*m + 29*m + 150 = 22*m. Calculate the remainder when 1031 is divided by m.
11
What is the remainder when (2 + 0)/(-2) + 118 + 1188 is divided by 434?
3
Let s(b) = 28*b**2 - 60*b - 150. Calculate the remainder when 284 is divided by s(-3).
2
Let t(d) = 2*d**2 - 9*d + 3. Let l be t(4). Let y = 4 - l. Suppose 4*n - 5*k - 92 = 0, 4*n = 2*n - y*k + 46. Calculate the remainder when 89 is divided by n.
20
What is the remainder when 1754 is divided by (-3)/4 + (-9731)/(-148)?
64
Suppose -4 + 1 = -5*r - 4*h, -2*h = -5*r - 9. What is the remainder when 4 + 136/2 - r is divided by (6 + -25)/((-1)/2)?
35
Let a be (2 + (-86)/(-8))*16/3. Suppose -65 = -7*x + a. Suppose 12*y = x*y - 847. Calculate the remainder when y is divided by 31.
28
Suppose -664 = 26*j - 2692. Calculate the remainder when ((-10)/(-15))/(6/6291) is divided by j.
75
Let m(f) = -f**3 - 19*f**2 + f + 19. Let r be m(-19). What is the remainder when (r + -6 + -32)/(-2) is divided by 2?
1
Let w = -23 - -75. Calculate the remainder when w is divided by 27.
25
Let h = 155 + -86. Let u = 49 + -101. Let m = h + u. Calculate the remainder when 48 is divided by m.
14
Let n(z) = 22 - 3*z + z**3 + 5*z**2 - 3*z**2 + 3*z**2 + 3*z**2. Calculate the remainder when n(-7) is divided by 25.
17
Let x = 440 - 492. Calculate the remainder when 122 is divided by ((-66)/(-8))/(2 - x/(-32)).
12
Suppose 31*v - 129 = 28*v. Suppose -557 = -4*a + 127. Calculate the remainder when a is divided by v.
42
Suppose -159*v + 2*c = -163*v + 56, 3*c + 48 = 5*v. What is the remainder when 420 is divided by v?
0
Let w = 41 - 24. Suppose 3*x - 909*n = -912*n + 423, -2*n = -2*x + 254. Calculate the remainder when x is divided by w.
15
Let n be (-2808)/(-182) + (-6)/14. Suppose n = 16*x - 11*x, -4*a = 3*x - 113. Calculate the remainder when a is divided by 10.
6
Let a = -28 + 58. Calculate the remainder when (2 - 6) + -10 + a is divided by 10.
6
Suppose 0 = -z + 2*x + 72 + 83, 3*z + 2*x = 425. What is the remainder when 426 is divided by z?
136
Suppose -4*k - 13 = -5*v, -24*k + 21*k - 3 = 3*v. What is the remainder when (-2)/(-9) + 25/9 is divided by v?
0
Suppose -5*i + 15*i = 0. Let z = 10 - 1. Suppose 3*u - z - 3 = i. Calculate the remainder when u is divided by 1.
0
Let i(t) = -80*t + 282. What is the remainder when i(-6) is divided by 77?
69
Let z(r) = -51*r - 7. Calculate the remainder when z(-6) is divided by (30/8*2/(-10))/((-363)/24200).
49
Let a(u) = -11*u + 1. Let q be a(1). Suppose 838*t - 857*t - 20881 = 0. Calculate the remainder when t/q + (-4)/(-40) is divided by 16.
14
Let f(x) = x**3 - 7*x**2 + 825*x - 6625. Calculate the remainder when 43/(-2 - -1*3) is divided by f(8).
4
Suppose k + 2 = -3*i, 3*i + 7 = 28*k - 30*k. Let z = -22 - -27. Suppose 3*g = 4*g - a, -15 = -z*a. What is the remainder when g is divided by i?
0
What is the remainder when (414/161)/(-3) + (16239/7 - 1) is divided by 25?
18
Suppose 331*c - 361*c + 870 - 120 = 0. Calculate the remainder when (-331)/(-3) - (-6)/9 is divided by c.
11
Let x be (-5)/6*8*(-9)/6. Suppose x*o - 49 = 71. Calculate the remainder when o is divided by 7.
5
Suppose 2*c + 2 = 0, -2*k + c + 4 = 3*c. Suppose k*y + 821 = 2*o - o, 0 = -2*y + 4. Calculate the remainder when o is divided by 23.
22
Let i be (-24)/9 - -3 - (-41)/3. Let a = 39 - i. Calculate the remainder when (1*6)/((-16)/(-392)) is divided by a.
22
Calculate the remainder when 240 is divided by (3 - 12)*(-142)/6.
27
Let l(k) = 8*k**3 + 5*k**2 - 14*k - 15. Calculate the remainder when 625 is divided by l(3).
13
Suppose -166*g + 161*g - 2185 = -5*b, -4*b + 1746 = -5*g. Calculate the remainder when b is divided by 145.
4
Let j(s) = 4*s**3 - 194*s**2 + 93*s + 167. What is the remainder when 44112 is divided by j(48)?
21
Suppose -2*n - 4*s = 8, -3*n - 9 = -0*n + 5*s. Suppose -n*u - 123 = u. Let p = u - -53. Calculate the remainder when 67 is divided by p.
7
Let r(h) = 10*h + 44. Let d(z) = -15*z - 66. Let k(v) = -5*d(v) - 8*r(v). What is the remainder when 142 is divided by k(-7)?
12
Suppose -2*z - w + 113 = -413, 0 = 2*w - 4. Let g = 295 - z. What is the remainder when 65 is divided by g?
32
Let n be (12/(-24) - 1)*4/(-3). Suppose -6 = -n*p, y - p = -2*y + 396. What is the remainder when y is divided by 15?
13
Let w(c) = 2*c**2 - 25*c**3 + 2*c**2 - c - 4*c**2. What is the remainder when 89 is divided by w(-1)?
11
Suppose -96*g + 28622 = -34*g - 40*g. What is the remainder when g is divided by 93?
92
Suppose -v + 4*q + 95 = 0, -3*v + v = 2*q - 240. Suppose -r - 6*r - 14 = 0. Let s(o) = 8*o**2 + 6*o + 9. Calculate the remainder when v is divided by s(r).
28
Suppose 10*w - 2*o - 44 = 8*w, 0 = 3*w - 5*o - 78. Calculate the remainder when 4910 is divided by w.
14
Suppose -b + 3*d = -2*b - 9, b - 16 = 2*d. Suppose -98 + 111 = 13*a. What is the remainder when 64*((-2)/(-16))/(a/b) is divided by 17?
14
Suppose 2*q + t = 168, -5*q = -4*t + 7*t - 421. Suppose 4*d = q + 1. Calculate the remainder when d is divided by 17.
4
Let m(b) = 11*b**2 + b + 2. Let o = -47 + 50. Suppose -2*y = o*y - 120. What is the remainder when m(-2) is divided by y?
20
Suppose 5*q + 6*l + 3806 = 0, -294 = 2*q - 3*l + 1250. Let v = -314 - q. What is the remainder when v is divided by 35?
32
Let p(y) = 7*y**2 + 20*y - 2. Suppose 19*m - 27*m = -264. What is the remainder when p(-11) is divided by m?
31
Let p = -4312 + 4347. What is the remainder when 352 is divided by p?
2
Suppose -4*a + 462 = 2*r - 112, 5*a - 4*r = 750. Calculate the remainder when a is divided by 122.
24
Let l = -10812 - -11214. What is the remainder when l is divided by 201?
0
Suppose 0 = 6*k + 749 - 17. Let a = 126 + k. What is the remainder when 4 is divided by 